12. Let k(i) = 9*f(i) + 2*t(i). What are the prime factors of k(-2)?
3, 7
Let h be ((-9)/(-12))/((-3)/1308). What are the prime factors of 1/(-4) - h/12?
3
Let i(v) = -v + 1. Let a be i(2). Let t = a + 6. Suppose o = 2*f + 6, 0 = -3*o + t*f + 17 + 2. List the prime factors of o.
2
Suppose -38 = -5*t + 17. What are the prime factors of t?
11
Suppose -5*r = -r - 20. Suppose 4 = 4*k, 4*u + k = -2*k + 19. Suppose -r*d + 9 = -u*d. What are the prime factors of d?
3
Let n(o) = 186*o**3 - o**2 + 3*o - 2. What are the prime factors of n(1)?
2, 3, 31
List the prime factors of (-77)/(-4) - 5/20.
19
Let g(a) = a**2 + 7. Let w be g(5). Suppose 5*q - 3*q = 4*x + w, -2*x = -4*q + 40. List the prime factors of q.
2
Let r be (48/9)/((-2)/(-6)). Let j = -10 + r. Suppose -j = 5*t - 41. List the prime factors of t.
7
Suppose 0 = -4*r - 748 - 584. What are the prime factors of 3 + 0 + r/(-9)?
2, 5
Suppose -3*d + d + 4 = 0. Suppose -d*m + 6*m - 16 = 0. Suppose -53 = -m*x - 13. List the prime factors of x.
2, 5
Suppose 0 = 3*u + u - 372. List the prime factors of u.
3, 31
Let x = 16 + 0. What are the prime factors of x?
2
Let k(f) = -14*f + 7. Let l(u) = 5*u - 2. Let d(r) = -3*k(r) - 8*l(r). What are the prime factors of d(5)?
5
Suppose 0*y + 8 = f - y, f - 5 = 2*y. What are the prime factors of f?
11
Let c = 4 - 2. Let f be 3/(c + (-1)/1). List the prime factors of f - 4 - -1*3.
2
Let v(w) = 15*w - 4. What are the prime factors of v(2)?
2, 13
Let m(z) = -z**3 - 5*z**2 + 4*z - 5. Let q be m(-6). Suppose -r + 6*r - 25 = 0, -q = 4*h - 3*r. Suppose h*t = t + 4. What are the prime factors of t?
2
What are the prime factors of (-80)/(-6)*(-66)/(-55)?
2
Suppose -4*q = j + 13, -2*j + 4*q - 4 = q. Let a = j - -5. Suppose 0*x - 4*x + 36 = a. List the prime factors of x.
3
Suppose 3 + 18 = -3*p. Let y = p - -25. What are the prime factors of y?
2, 3
What are the prime factors of (8 + -7)*(-2 - -272)?
2, 3, 5
Let k(o) = o. Let u be k(-2). Suppose 2*c = -q + 36, 18 = 2*c - c - 3*q. Let b = c + u. What are the prime factors of b?
2
Suppose -2*m - 100 = 4*y, 2*m = -m + 5*y - 95. Let d be -21 + -1 - (-4)/(-4). Let u = d - m. List the prime factors of u.
17
Let b(k) = k**3 + 17*k**2 - 23*k + 20. List the prime factors of b(-18).
2, 5, 11
Suppose -18 = -6*y + 12. List the prime factors of 121/y + (-4)/(-5).
5
What are the prime factors of (51/(-12))/((-5)/140)?
7, 17
Let a(u) be the second derivative of -u**4/12 + u**3 - u**2 - 3*u. What are the prime factors of a(5)?
3
Suppose i - 4*i + 15 = 0. Suppose -5*o + x + i = -77, 0 = -5*o + 4*x + 73. What are the prime factors of o?
17
Suppose -210 = -16*n + 14*n. What are the prime factors of n?
3, 5, 7
Let z be (-250)/12 - (-9)/(-54). Let r = -15 - z. Let k = r + 3. List the prime factors of k.
3
Suppose -m + 3*x + 23 = 0, m - 37 - 2 = -x. What are the prime factors of m?
5, 7
Let u = 7 + -7. Suppose u = 7*h - 4*h - 36. List the prime factors of h.
2, 3
Let i(o) be the third derivative of -o**5/60 - o**4/6 + 5*o**3/6 - 3*o**2. What are the prime factors of i(-4)?
5
Let m(b) = b**2 - b - 2. Let x be m(2). Let y(u) = -u**2 + 26. Let r be y(x). Let f = 44 - r. What are the prime factors of f?
2, 3
What are the prime factors of -1*(-4)/((-16)/12) + 83?
2, 5
Let l = -135 + 239. What are the prime factors of l?
2, 13
Suppose -s + 24 = 6. Suppose 0 = -5*j + 4*j + s. List the prime factors of j.
2, 3
Let x = 97 - 65. Suppose -f + x = -0*f. List the prime factors of f.
2
What are the prime factors of (63/14)/(6/40)?
2, 3, 5
Let v(i) be the third derivative of i**6/20 + i**3/6 + i**2. Let u be v(1). Suppose -p - f = -10, -3*p + 3*f + u = -29. List the prime factors of p.
11
Suppose -46 = w - 2*w + 5*x, 5*w + 2*x - 257 = 0. What are the prime factors of w?
3, 17
Let o(c) = -c**3 + 3*c**2 + 5*c - 3. Let x be o(4). Let b(w) = 34*w. List the prime factors of b(x).
2, 17
List the prime factors of 58/(3/(6/4)).
29
Suppose -3*y + 114 = c + 2*c, -4*y = -2*c + 64. What are the prime factors of c?
2, 3
Suppose 0 = 5*d - 5*y, 3*d = 2*d + 4*y - 3. Let c = 4 + d. What are the prime factors of c?
5
Let r be (-8)/28 + 24/(-14). Let n = r - -18. What are the prime factors of n?
2
Suppose -3*d = 2*d - 100. Let m be d/25*10/(-4). List the prime factors of 9/(-12)*2*m.
3
Let g = -70 + 140. List the prime factors of g.
2, 5, 7
Let t = -2 - -3. Suppose -q + 2*q - 18 = 4*n, 2*q = n + t. What are the prime factors of 8 - ((-6)/q - 6)?
11
Suppose j + 3*g - 17 = 0, 2*j + g + 16 = 5*g. Suppose 3 = j*d + d. What are the prime factors of 15/6*(d + 3)?
2, 5
Suppose -152 = -4*q - 4*t, 0 = q - 0*q - 2*t - 29. Suppose -q = -5*r - 0*r. What are the prime factors of r?
7
Let a(w) = -w**3 + 11*w**2 - 4*w - 11. Let h be ((-20)/6)/((-1)/3). Let v be a(h). Suppose 5*d - v = -3*y, 2*y + 2 = y. List the prime factors of d.
11
Let z(s) = -s**3 - 10*s**2 + 13*s + 14. Let t be z(-11). Let o = t + 29. What are the prime factors of o?
3, 7
Suppose -35 - 10 = 5*c. Let o(a) = -10*a**2 - 10*a - a**3 - 3 + 6 + 0. What are the prime factors of o(c)?
2, 3
Suppose 0 = 6*p - 1256 - 184. What are the prime factors of p?
2, 3, 5
Let b = -4 + 10. Let i(c) = c**3 - 5*c**2 - 5*c + 8. What are the prime factors of i(b)?
2, 7
What are the prime factors of (0 - -16) + 18 + -20?
2, 7
Let t be 1 - (0 - (2 - 3)). Suppose t = 5*g - 3*g - 10. Let b(l) = 2*l - 5. What are the prime factors of b(g)?
5
Let q be (-8 - -11) + (1 - 2). Suppose -a + 3*r = -9, q*a + 2*a + 2*r = 22. What are the prime factors of a?
2, 3
Suppose -3*c - 10 = i, -2*c = -2*i + 4 - 0. Let n = i + 1. Suppose 0 = -5*y - 2*r + 16, n = -y - 3*r + r. List the prime factors of y.
2
Suppose 5*k = 6*o - 3*o + 18, -5*k - 5*o = -10. Suppose 3*r = -k*g - 9, 0*r + 3*g + 13 = -r. List the prime factors of r.
2
Let p = 0 - 0. Suppose p*g - 2*s = -g - 3, -s - 9 = -4*g. List the prime factors of g.
3
Let o be 1 + 0 + -1 + 2. Suppose -5*u = -3*r + 70 - 15, -o*r - 4*u = -66. List the prime factors of r.
5
Let s be (5/4)/((-1)/12). Suppose 4*b = -4*m - 720, -2*b = 3*b - 5*m + 870. What are the prime factors of b/s - 1/(-5)?
2, 3
Suppose -4*a = 2 + 6. List the prime factors of 3 + (-2 - -16) + a.
3, 5
Suppose -3*f + 138 = -36. List the prime factors of f.
2, 29
Let t = 4 - 0. Let g(b) = -2*b**3 - 3*b**2 - b - 2. Let x be g(-2). Suppose -2*l - 32 = -x*u, 2*u + t*l - 16 = -l. List the prime factors of u.
2
Let f(b) = -b**3 - 8*b**2 + 17*b - 6. List the prime factors of f(-10).
2, 3
Suppose 2*u - 5*q + 98 = 0, 3*u = -2*q + q - 130. Let i = -31 - u. What are the prime factors of i?
13
Suppose -3*m - 63 = -3*c, c = 3*c + 2*m - 50. List the prime factors of c.
23
Let u = 23 - -10. Suppose 2*n - u - 11 = 0. List the prime factors of n.
2, 11
Let h = 394 + -246. List the prime factors of h.
2, 37
Suppose 0 = -4*l - 0*q - q - 9, 0 = 5*l - q + 9. What are the prime factors of (-1)/((-3)/(-30)*l)?
5
Suppose 5*b - 79 - 41 = 0. List the prime factors of b.
2, 3
List the prime factors of (-374)/(-102)*4*18.
2, 3, 11
Let n(z) = 8*z - 1. Let j be n(1). Let p(l) = -l**3 + 6*l**2 + 9*l - 2. Let c be p(j). What are the prime factors of 2/(3/c + 0)?
2
Suppose -n - 35 = -5*u + 4*n, 10 = -2*n. Suppose v - 19 = -2*r, u*v - r = 6*v - 41. List the prime factors of v.
3
Suppose -3*t - t + 16 = 0. Let n(k) = 2 - k**2 + 4*k**2 + 11*k - 2*k**2 - 13*k. What are the prime factors of n(t)?
2, 5
Let y = -3 - -7. Suppose w + w = y. What are the prime factors of w*(22/4 - 1)?
3
Let d(u) = u + 7. List the prime factors of d(-5).
2
Suppose 4*f + 16 = 0, 21 + 28 = y + 4*f. What are the prime factors of y?
5, 13
Suppose 35*u - 34*u - 23 = 0. List the prime factors of u.
23
Let d(s) = s**2 - 2*s - 3. Let c be d(-3). Suppose -c = -4*l + 28. Suppose -2*m + 2*u = -10, 15 = 5*u - l. What are the prime factors of m?
2, 5
Let m(y) = y**3 + 2*y**2 - y + 59. What are the prime factors of m(0)?
59
Suppose -54 = -2*b + 5*w + 38, 2*b - 3*w - 92 = 0. Let x = b + -28. Suppose -3*z + x = -z. What are the prime factors of z?
3
Let l(v) = 11*v**2 + v + 1. List the prime factors of l(4).
181
Suppose -4*m - 1 = -3*t, -2*t + 10 = 5*m - 3*m. Suppose -t*l - 32 = -7*l. List the prime factors of l.
2
Let g = -7 + -18. Suppose 0 = 2*w + 5*v + 80, 3 = 5*v + 13. Let x = g - w. What are the prime factors of x?
2, 5
Let i 